v. What are the prime factors of v?
1493
What are the prime factors of 38*(-4)/16*(-178 - 0)?
19, 89
Suppose 44 - 134 = 6*i. What are the prime factors of 208/6 - (-5)/i*-1?
5, 7
Let h be 22/5 - (-4)/(-10). Suppose 0 = h*r - 8*r + 32. List the prime factors of r.
2
Let j = -10 - -10. Suppose j = 5*y, -m + 3 = y - 0. What are the prime factors of 1/(0 + m/33)?
11
Suppose 0 = 2*b + 5*c - 4513, -4*c = -3 - 9. List the prime factors of b.
13, 173
Let q = -109 - -109. Suppose 3*c - 3*n = -5 - 1, 4*c + 3*n - 27 = 0. Suppose 0 = 5*i - c*a - 54, 4*i + q*i = -2*a + 30. What are the prime factors of i?
3
Let d(c) = 8*c**2 - 11*c + 99. What are the prime factors of d(-11)?
2, 3, 11
Let c(f) = -f**3 + 22*f**2 + f - 17. Let p be c(22). Suppose 2*v = 8*t - 12*t + 586, -2*t + p*v + 287 = 0. List the prime factors of t.
2, 73
Let h(d) = -2*d - 61. Let p be h(26). Let a = p + 293. What are the prime factors of a?
2, 3, 5
Let i be (6/(-9))/(6/9). Let p(n) = -13*n**2. Let k be p(i). Let a(d) = -2*d - 11. List the prime factors of a(k).
3, 5
Let f = -27 + 18. Let u = f + 9. List the prime factors of (3 + u)/(3/44).
2, 11
Let w(i) = i + i**2 - 2 + i + i + 1. Let j be w(-3). What are the prime factors of ((-15)/(-12))/(j/(-4))?
5
Let o(a) = 3*a**2 + 17*a. Suppose 2*k - 2*i + 3*i = -33, -k - 18 = i. Let z be o(k). List the prime factors of (z/6)/(4/2).
5, 7
Let h = -937 + 1799. List the prime factors of h.
2, 431
Suppose 333 = 2*x - 3*k + 50, 0 = 4*k + 4. What are the prime factors of x?
2, 5, 7
Let q be (6/5)/(27/630). Let n be (0 - (1 - -2)) + 1. Let s = q + n. What are the prime factors of s?
2, 13
Let u = -22 - -25. Suppose -u*k = -241 - 131. What are the prime factors of k?
2, 31
Let y(v) = 14*v + 465. What are the prime factors of y(-9)?
3, 113
Let x = 124 + -124. Suppose -2*p - 198 = -2*t, 4*t + p - 130 - 276 = x. What are the prime factors of t?
101
Let i = 2402 - 1413. What are the prime factors of i?
23, 43
List the prime factors of (1/(-3))/((-294730)/36840 + 8).
2, 307
Suppose -r = 3, 0 = 4*l - 9*r + 14*r - 849. List the prime factors of l.
2, 3
Let m(x) = x**2 - 10*x + 29. List the prime factors of m(-8).
173
What are the prime factors of (-8 - (-168)/16)*(-4688)/(-10)?
2, 293
Let i(d) = -d**2 - 50*d + 2. List the prime factors of i(-23).
7, 89
Suppose -4*r + 11*r - 301 = 0. Suppose -5*k + 5*z = -4*k - r, 0 = 4*k - 2*z - 118. Let t = 41 - k. List the prime factors of t.
13
Let d(l) = l**3 + 28*l**2 + 38*l - 21. List the prime factors of d(-16).
7, 349
Suppose 7*i - 3*i + 2*b = 12, 0 = -i + 4*b + 3. Suppose -i*h + 59 = 5*x, -x - 20 = -6*x. List the prime factors of h.
13
Let q(n) = 0*n - 12*n**2 + 5 - 8 + 4 + n**3 + 20*n. List the prime factors of q(11).
2, 5
Let p(i) = -1. Let n(v) = v + 9. Let x(c) = -n(c) - 6*p(c). Let m be x(-6). Suppose m*y - 46 = 2*y. What are the prime factors of y?
2, 23
Suppose v - 331 = -t - 4*t, 2*t = -5*v + 1632. List the prime factors of v.
2, 163
Let p = -105 - -148. Suppose 0 = s + 2*g - g - 38, s = -2*g + p. Let h = 61 - s. List the prime factors of h.
2, 7
Suppose -2*n = -5*n + 3. Let y be n*57 - 6/(-6). Let j = -32 + y. List the prime factors of j.
2, 13
Suppose r = -1 + 5. Let p = 2 - 2. Suppose 0 = r*j + w - 102 - p, -4*j = 3*w - 98. What are the prime factors of j?
2, 13
Let v(b) = -3680*b**3 + 5*b**2 - 4*b - 3. List the prime factors of v(-1).
2, 19, 97
Let s be (3*(-3)/12)/((-12)/32). Suppose -s*j = 2*b - 290, -3*j + 4 = -2*j. List the prime factors of b.
3, 47
Let g be -1 + 4 + -5 + 2*3. Suppose -8*z + g*z - 103 = -c, 2*c - 3*z - 216 = 0. List the prime factors of c.
3, 37
Let x = -9 + 16. Suppose 4*d - r - x = -0*r, 3*d - 5*r = 1. Suppose d*j + 18 = 108. What are the prime factors of j?
3, 5
Let u(t) = -47*t - 8. Let a be u(2). Let w = a - -144. What are the prime factors of w?
2, 3, 7
Let f(a) = a**3 - 9*a**2 + 16*a + 6. Let v be f(6). List the prime factors of (-6)/(-9) - (848/v - 0).
2, 71
Suppose y + 2*y = -18. Let w be (-77 - 0)/(y - -7). Let h = -54 - w. List the prime factors of h.
23
Suppose -42*g + 42 = -48*g. Let k(v) = -v**2 - 5*v - 10. Let i(m) = -2*m**2 - 10*m - 21. Let z(b) = 2*i(b) - 5*k(b). What are the prime factors of z(g)?
2, 11
Let o(n) = n**2 - 3*n. Let v be o(3). Suppose 7*k + 63 - 448 = v. List the prime factors of k.
5, 11
Suppose -3*o = -4*o - 73. Let y = o + 126. What are the prime factors of y?
53
Let m(p) = p - 9. Let g be m(3). List the prime factors of (-8)/g*(36*-5)/(-6).
2, 5
Suppose -4*w = -2730 + 2094. List the prime factors of w.
3, 53
Let x(i) = -2*i**3 + 2*i**2 - 5*i - 3. Let p be x(4). Let d = p + 236. List the prime factors of d.
3, 13
Let d(a) = -46*a + 57. List the prime factors of d(-5).
7, 41
Let b(m) = -m**3 - 9*m**2 - 16*m - 87. What are the prime factors of b(-9)?
3, 19
Suppose -3*d - 278 = -5*d. Suppose 3*w - 4*w - 4*l + d = 0, l = w - 164. What are the prime factors of w?
3, 53
Suppose 340 = -0*y + 4*y. Let z = y - 43. What are the prime factors of z?
2, 3, 7
Suppose -29*h + 28948 = -28646. What are the prime factors of h?
2, 3, 331
Let v = 482 + -321. What are the prime factors of v?
7, 23
Let v(w) = -w**3 + 9*w**2 + 9*w + 14. Let c be v(10). Suppose x + 105 = c*x. List the prime factors of x.
5, 7
Let i(z) = -z + 9. Let k be i(6). Let f = k - -65. Let l = f - 34. What are the prime factors of l?
2, 17
Suppose 68 - 1 = -g. Let x be (-2)/8 + g/4. Let c = x - -30. List the prime factors of c.
13
Let s be (-143)/(-65) - (-8)/10. Suppose -3*h + 123 = -4*g, -s*g + 0 = 9. List the prime factors of h.
37
Suppose -5*k - 1 = -2*r + 4, -3*r = -2*k - 2. Let x = -113 + 203. Suppose -5*c + r*c = -x. List the prime factors of c.
2, 3
Suppose 0 = -3*t - 3*f + 5862, 57*f - 1949 = -t + 55*f. What are the prime factors of t?
3, 653
Let h = -723 + 1057. What are the prime factors of h?
2, 167
Let o = 914 - 146. Suppose 4*c - 297 = 5*b + o, 2*c = 4*b + 534. List the prime factors of c.
5, 53
Let p = -1 + -1. Let g be (1/p)/((-4)/152). Let k = g - 3. What are the prime factors of k?
2
Let n(d) = -3*d + 2 - 1 - d**2 - 4*d. Let l(i) = i**3 + 3*i**2 - 4*i - 3. Let g be l(-4). List the prime factors of n(g).
13
Suppose -12*c = -15*c - 4*q + 910, 0 = q - 1. What are the prime factors of c?
2, 151
Let c(h) be the first derivative of -h**2/2 + 2*h + 1. Let f be c(0). List the prime factors of 3*(7 + 0/f).
3, 7
Let m = -20 + 36. Suppose m = 7*p - 138. What are the prime factors of p?
2, 11
Let k(i) = -i**2 + 9*i - 17. Let y be k(7). What are the prime factors of (-748)/(-12) + y/9?
2, 31
Suppose -2*c + 552 = -2334. List the prime factors of c.
3, 13, 37
Let j be -1 + (-24)/(7 + -3). Let x = j + 10. List the prime factors of x.
3
Suppose 2*g - y - 141 = -g, 4*g - 199 = 5*y. Suppose -g = -5*k + 44. What are the prime factors of k?
2, 3
Suppose -15*m - 1408 = -26*m. What are the prime factors of m?
2
Let j = 7132 - 3374. What are the prime factors of j?
2, 1879
Suppose 0 = 2*u - 215 + 29. Let j be (-1)/((-3)/u)*1. Suppose -12 = -3*t, -3*o + 4*o + 3*t - j = 0. List the prime factors of o.
19
Let k(r) = -6*r**3 + 2*r**2 + r. Let s be (-3)/(-2) - (-65)/10. Let o be (s/12)/((-2)/3). List the prime factors of k(o).
7
Suppose -2*v - 28 = -9*v. Suppose -8 + v = d. List the prime factors of (12 - -6) + (-1 - d).
3, 7
Let a(l) be the first derivative of 8*l**3/3 - l**2/2 + 3. Suppose 0*q - 3*q - 3*c = -12, 4*q - c = 1. What are the prime factors of a(q)?
7
Suppose n + 39 = s, -48 = -4*s - 2*n + 102. What are the prime factors of s?
2, 19
Suppose -16*k + 11576 = -7752. List the prime factors of k.
2, 151
Let i be 33/2 - 3/2. Let s = i - 8. Suppose s*g = 2*g + 50. List the prime factors of g.
2, 5
Let q = -395 + 561. Suppose -3*f - x + 8 = -q, -5*f - 4*x + 290 = 0. List the prime factors of f.
2, 29
Let j be 4/(1 + 2 - 4). What are the prime factors of (1032 + 3)/5 - j?
211
Suppose -4*q + 2*d + 12 = 7*d, -2*q + 36 = -5*d. Let a(t) = -t**3 + 9*t**2 - t - 11. What are the prime factors of a(q)?
3, 5
Let a = 661 - -73. List the prime factors of a.
2, 367
Let v(p) = -p**3 + 10*p**2 - 8*p - 6. Let q be v(9). Suppose -c + 2*i + 34 = 0, 3*i + 0*i + 117 = q*c. What are the prime factors of 115/4 + 11/c?
29
Let h = 1870 - 1326. Suppose 7*j + j = h. Let s = 98 - j. List the prime factors of s.
2, 3, 5
Let p(d) =